{"id":341,"date":"2026-03-08T14:10:15","date_gmt":"2026-03-08T13:10:15","guid":{"rendered":"https:\/\/fpv-drone.dk\/?page_id=341"},"modified":"2026-03-08T14:14:03","modified_gmt":"2026-03-08T13:14:03","slug":"repation-af-droner","status":"publish","type":"page","link":"https:\/\/fpv-drone.dk\/?page_id=341","title":{"rendered":"Repation af droner"},"content":{"rendered":"<p>&nbsp;<\/p>\n<hr \/>\n<p class=\"isSelectedEnd\"><strong><span>Reparation af FPV-droner \u2013 hurtig og professionel hj\u00e6lp<\/span><\/strong><\/p>\n<p class=\"isSelectedEnd\"><span>Har din FPV-drone v\u00e6ret ude for et crash, eller virker den bare ikke som den skal? Jeg tilbyder reparation og fejlfinding af FPV-droner for b\u00e5de begyndere og erfarne piloter.<\/span><\/p>\n<p class=\"isSelectedEnd\"><span>Jeg hj\u00e6lper blandt andet med:<\/span><\/p>\n<ul data-spread=\"false\">\n<li>\n<p class=\"isSelectedEnd\"><span>Udskiftning af motorer, ESC, flight controller og kamera<\/span><\/p>\n<\/li>\n<li>\n<p class=\"isSelectedEnd\"><span>Reparation efter crash eller h\u00e5rd landing<\/span><\/p>\n<\/li>\n<li>\n<p class=\"isSelectedEnd\"><span>Lodning og udskiftning af stik og ledninger<\/span><\/p>\n<\/li>\n<li>\n<p class=\"isSelectedEnd\"><span>Fejlfinding p\u00e5 video (VTX \/ kamera)<\/span><\/p>\n<\/li>\n<li>\n<p class=\"isSelectedEnd\"><span>Ops\u00e6tning og tuning af Betaflight \/ firmware<\/span><\/p>\n<\/li>\n<li>\n<p class=\"isSelectedEnd\"><span>Generel gennemgang og optimering af din drone<\/span><\/p>\n<\/li>\n<\/ul>\n<p class=\"isSelectedEnd\"><span>Reparation udf\u00f8res til <\/span><strong><span>timepris<\/span><\/strong><span>, s\u00e5 du kun betaler for den tid der faktisk bruges p\u00e5 arbejdet. Inden st\u00f8rre reparationer giver jeg selvf\u00f8lgelig en vurdering, s\u00e5 du ved hvad du kan forvente.<\/span><\/p>\n<p class=\"isSelectedEnd\"><span>Jeg arbejder med de fleste FPV-ops\u00e6tninger og komponenter, og m\u00e5let er altid at f\u00e5 din drone hurtigt tilbage i luften.<\/span><\/p>\n<p><span>Har du sp\u00f8rgsm\u00e5l eller en drone der skal fixes, er du velkommen til at tage kontakt.<br \/>\n<\/span><\/p>\n<hr \/>\n<p>&nbsp;<\/p>\n","protected":false},"excerpt":{"rendered":"<p>&nbsp; Reparation af FPV-droner \u2013 hurtig og professionel hj\u00e6lp Har din FPV-drone v\u00e6ret ude for et crash, eller virker den bare ikke som den skal? Jeg tilbyder reparation og fejlfinding af FPV-droner for b\u00e5de begyndere og erfarne piloter. Jeg hj\u00e6lper blandt andet med: Udskiftning af motorer, ESC, flight controller og [&hellip;]<\/p>\n","protected":false},"author":1,"featured_media":345,"parent":0,"menu_order":0,"comment_status":"closed","ping_status":"closed","template":"","meta":{"footnotes":""},"class_list":["post-341","page","type-page","status-publish","has-post-thumbnail","hentry"],"_links":{"self":[{"href":"https:\/\/fpv-drone.dk\/index.php?rest_route=\/wp\/v2\/pages\/341","targetHints":{"allow":["GET"]}}],"collection":[{"href":"https:\/\/fpv-drone.dk\/index.php?rest_route=\/wp\/v2\/pages"}],"about":[{"href":"https:\/\/fpv-drone.dk\/index.php?rest_route=\/wp\/v2\/types\/page"}],"author":[{"embeddable":true,"href":"https:\/\/fpv-drone.dk\/index.php?rest_route=\/wp\/v2\/users\/1"}],"replies":[{"embeddable":true,"href":"https:\/\/fpv-drone.dk\/index.php?rest_route=%2Fwp%2Fv2%2Fcomments&post=341"}],"version-history":[{"count":6,"href":"https:\/\/fpv-drone.dk\/index.php?rest_route=\/wp\/v2\/pages\/341\/revisions"}],"predecessor-version":[{"id":351,"href":"https:\/\/fpv-drone.dk\/index.php?rest_route=\/wp\/v2\/pages\/341\/revisions\/351"}],"wp:featuredmedia":[{"embeddable":true,"href":"https:\/\/fpv-drone.dk\/index.php?rest_route=\/wp\/v2\/media\/345"}],"wp:attachment":[{"href":"https:\/\/fpv-drone.dk\/index.php?rest_route=%2Fwp%2Fv2%2Fmedia&parent=341"}],"curies":[{"name":"wp","href":"https:\/\/api.w.org\/{rel}","templated":true}]}}